{"id":989833,"date":"2025-02-12T11:59:43","date_gmt":"2025-02-12T10:59:43","guid":{"rendered":"https:\/\/ohmywine.fr\/?post_type=portfolio&#038;p=989833"},"modified":"2025-02-12T12:03:29","modified_gmt":"2025-02-12T11:03:29","slug":"congres-europeen","status":"publish","type":"portfolio","link":"http:\/\/ohmywine.fr\/en\/portfolio\/congres-europeen\/","title":{"rendered":"Congr\u00e8s Europ\u00e9en"},"content":{"rendered":"<div data-elementor-type=\"wp-post\" data-elementor-id=\"989833\" class=\"elementor elementor-989833\" data-elementor-settings=\"{&quot;ha_cmc_init_switcher&quot;:&quot;no&quot;}\">\n\t\t\t\t<div class=\"elementor-element elementor-element-a57ca26 e-flex e-con-boxed e-con e-parent\" data-id=\"a57ca26\" data-element_type=\"container\" data-settings=\"{&quot;_ha_eqh_enable&quot;:false}\">\n\t\t\t\t\t<div class=\"e-con-inner\">\n\t\t\t\t<div class=\"elementor-element elementor-element-82889c0 elementor-widget elementor-widget-text-editor\" data-id=\"82889c0\" data-element_type=\"widget\" data-settings=\"{&quot;craftcoffee_ext_link_sidemenu&quot;:&quot;false&quot;,&quot;craftcoffee_ext_link_mini_cart&quot;:&quot;false&quot;,&quot;craftcoffee_ext_is_scrollme&quot;:&quot;false&quot;,&quot;craftcoffee_ext_is_smoove&quot;:&quot;false&quot;,&quot;craftcoffee_ext_is_parallax_mouse&quot;:&quot;false&quot;,&quot;craftcoffee_ext_is_infinite&quot;:&quot;false&quot;,&quot;craftcoffee_ext_is_fadeout_animation&quot;:&quot;false&quot;}\" data-widget_type=\"text-editor.default\">\n\t\t\t\t<div class=\"elementor-widget-container\">\n\t\t\t\t\t\t\t\t\t<p>A l&rsquo;occasion d&rsquo;un\u00a0congr\u00e8s europ\u00e9en se d\u00e9roulant \u00e0 Lyon, nous avons\u00a0rassembl\u00e9 pr\u00e8s de 200 professionnels et experts venus de tout le continent pour d\u00e9couvrir les richesses de nos r\u00e9gions viticoles.<br \/><br \/>Pour enrichir cette exp\u00e9rience, nous avons con\u00e7u un programme m\u00ealant contenu professionnel de haute qualit\u00e9 et d\u00e9couvertes culturelles et g\u00e9ologiques uniques.<\/p><p>Parmi les moments forts de l\u2019\u00e9v\u00e9nement :<\/p><ul><li><strong>La Roche de Solutr\u00e9<\/strong>, embl\u00e8me g\u00e9ologique du Rh\u00f4ne, o\u00f9 les participants ont pu s\u2019\u00e9merveiller devant un site naturel d\u2019exception tout en approfondissant leur compr\u00e9hension des formations g\u00e9ologiques locales.<\/li><\/ul><ul><li><strong>Une immersion dans le vignoble du Beaujolais<\/strong>, avec la visite d\u2019un domaine viticole authentique.\u00a0Ce fut l\u2019occasion de d\u00e9couvrir les secrets des crus locaux et de savourer des vins d\u2019exception, symbole de l\u2019art de vivre.<\/li><\/ul>\t\t\t\t\t\t\t\t<\/div>\n\t\t\t\t<\/div>\n\t\t\t\t<div class=\"elementor-element elementor-element-0f87f16 elementor-widget elementor-widget-heading\" data-id=\"0f87f16\" data-element_type=\"widget\" data-settings=\"{&quot;craftcoffee_ext_link_sidemenu&quot;:&quot;false&quot;,&quot;craftcoffee_ext_link_mini_cart&quot;:&quot;false&quot;,&quot;craftcoffee_ext_is_scrollme&quot;:&quot;false&quot;,&quot;craftcoffee_ext_is_smoove&quot;:&quot;false&quot;,&quot;craftcoffee_ext_is_parallax_mouse&quot;:&quot;false&quot;,&quot;craftcoffee_ext_is_infinite&quot;:&quot;false&quot;,&quot;craftcoffee_ext_is_fadeout_animation&quot;:&quot;false&quot;}\" data-widget_type=\"heading.default\">\n\t\t\t\t<div class=\"elementor-widget-container\">\n\t\t\t\t\t<h2 class=\"elementor-heading-title elementor-size-default\">Une organisation sur-mesure pour un \u00e9v\u00e9nement d\u2019exception\n<\/h2>\t\t\t\t<\/div>\n\t\t\t\t<\/div>\n\t\t\t\t<div class=\"elementor-element elementor-element-5fede1a elementor-widget elementor-widget-text-editor\" data-id=\"5fede1a\" data-element_type=\"widget\" data-settings=\"{&quot;craftcoffee_ext_link_sidemenu&quot;:&quot;false&quot;,&quot;craftcoffee_ext_link_mini_cart&quot;:&quot;false&quot;,&quot;craftcoffee_ext_is_scrollme&quot;:&quot;false&quot;,&quot;craftcoffee_ext_is_smoove&quot;:&quot;false&quot;,&quot;craftcoffee_ext_is_parallax_mouse&quot;:&quot;false&quot;,&quot;craftcoffee_ext_is_infinite&quot;:&quot;false&quot;,&quot;craftcoffee_ext_is_fadeout_animation&quot;:&quot;false&quot;}\" data-widget_type=\"text-editor.default\">\n\t\t\t\t<div class=\"elementor-widget-container\">\n\t\t\t\t\t\t\t\t\t<div><p>Chez OhMyWine, nous croyons que chaque \u00e9v\u00e9nement doit refl\u00e9ter les valeurs et l\u2019excellence de ses participants. De la planification des visites au choix des lieux, tout a \u00e9t\u00e9 pens\u00e9 pour cr\u00e9er un cadre propice aux \u00e9changes tout en valorisant les richesses de notre terroir.<\/p>Vous souhaitez organiser un \u00e9v\u00e9nement m\u00e9morable pour votre entreprise ou votre organisation ? Faites appel \u00e0 OhMyWine, expert en \u00e9v\u00e9nementiel sur mesure.<br \/><b>Ensemble, cr\u00e9ons des exp\u00e9riences uniques qui marquent les esprits !<\/b><\/div>\t\t\t\t\t\t\t\t<\/div>\n\t\t\t\t<\/div>\n\t\t\t\t\t<\/div>\n\t\t\t\t<\/div>\n\t\t\t\t<\/div>","protected":false},"featured_media":0,"template":"","meta":{"_acf_changed":false},"categories":[],"class_list":["post-989833","portfolio","type-portfolio","status-publish","hentry"],"acf":[],"yoast_head":"<!-- This site is optimized with the Yoast SEO plugin v26.8 - https:\/\/yoast.com\/product\/yoast-seo-wordpress\/ -->\n<title>Congr\u00e8s Europ\u00e9en - Oh My Wine<\/title>\n<meta name=\"robots\" content=\"index, follow, max-snippet:-1, max-image-preview:large, max-video-preview:-1\" \/>\n<link rel=\"canonical\" href=\"http:\/\/ohmywine.fr\/en\/portfolio\/congres-europeen\/\" \/>\n<meta property=\"og:locale\" content=\"en_US\" \/>\n<meta property=\"og:type\" content=\"article\" \/>\n<meta property=\"og:title\" content=\"Congr\u00e8s Europ\u00e9en - Oh My Wine\" \/>\n<meta property=\"og:description\" content=\"A l&rsquo;occasion d&rsquo;un\u00a0congr\u00e8s europ\u00e9en se d\u00e9roulant \u00e0 Lyon, nous avons\u00a0rassembl\u00e9 pr\u00e8s de 200 professionnels et experts venus de tout le continent pour d\u00e9couvrir les richesses de nos r\u00e9gions viticoles. Pour enrichir cette exp\u00e9rience, nous avons con\u00e7u un programme m\u00ealant contenu [&hellip;]\" \/>\n<meta property=\"og:url\" content=\"http:\/\/ohmywine.fr\/en\/portfolio\/congres-europeen\/\" \/>\n<meta property=\"og:site_name\" content=\"Oh My Wine\" \/>\n<meta property=\"article:modified_time\" content=\"2025-02-12T11:03:29+00:00\" \/>\n<meta name=\"twitter:card\" content=\"summary_large_image\" \/>\n<meta name=\"twitter:label1\" content=\"Est. reading time\" \/>\n\t<meta name=\"twitter:data1\" content=\"2 minutes\" \/>\n<script type=\"application\/ld+json\" class=\"yoast-schema-graph\">{\"@context\":\"https:\/\/schema.org\",\"@graph\":[{\"@type\":\"WebPage\",\"@id\":\"http:\/\/ohmywine.fr\/en\/portfolio\/congres-europeen\/\",\"url\":\"http:\/\/ohmywine.fr\/en\/portfolio\/congres-europeen\/\",\"name\":\"Congr\u00e8s Europ\u00e9en - Oh My Wine\",\"isPartOf\":{\"@id\":\"http:\/\/ohmywine.fr\/#website\"},\"datePublished\":\"2025-02-12T10:59:43+00:00\",\"dateModified\":\"2025-02-12T11:03:29+00:00\",\"breadcrumb\":{\"@id\":\"http:\/\/ohmywine.fr\/en\/portfolio\/congres-europeen\/#breadcrumb\"},\"inLanguage\":\"en-US\",\"potentialAction\":[{\"@type\":\"ReadAction\",\"target\":[\"http:\/\/ohmywine.fr\/en\/portfolio\/congres-europeen\/\"]}]},{\"@type\":\"BreadcrumbList\",\"@id\":\"http:\/\/ohmywine.fr\/en\/portfolio\/congres-europeen\/#breadcrumb\",\"itemListElement\":[{\"@type\":\"ListItem\",\"position\":1,\"name\":\"Accueil\",\"item\":\"http:\/\/ohmywine.fr\/\"},{\"@type\":\"ListItem\",\"position\":2,\"name\":\"Congr\u00e8s Europ\u00e9en\"}]},{\"@type\":\"WebSite\",\"@id\":\"http:\/\/ohmywine.fr\/#website\",\"url\":\"http:\/\/ohmywine.fr\/\",\"name\":\"Oh My Wine\",\"description\":\"\u00c9v\u00e9nementiel &amp; objets publicitaires autour du vin\",\"publisher\":{\"@id\":\"http:\/\/ohmywine.fr\/#organization\"},\"potentialAction\":[{\"@type\":\"SearchAction\",\"target\":{\"@type\":\"EntryPoint\",\"urlTemplate\":\"http:\/\/ohmywine.fr\/?s={search_term_string}\"},\"query-input\":{\"@type\":\"PropertyValueSpecification\",\"valueRequired\":true,\"valueName\":\"search_term_string\"}}],\"inLanguage\":\"en-US\"},{\"@type\":\"Organization\",\"@id\":\"http:\/\/ohmywine.fr\/#organization\",\"name\":\"Oh My Wine\",\"url\":\"http:\/\/ohmywine.fr\/\",\"logo\":{\"@type\":\"ImageObject\",\"inLanguage\":\"en-US\",\"@id\":\"http:\/\/ohmywine.fr\/#\/schema\/logo\/image\/\",\"url\":\"http:\/\/ohmywine.fr\/wp-content\/uploads\/2023\/04\/cropped-cropped-ohmywine.png\",\"contentUrl\":\"http:\/\/ohmywine.fr\/wp-content\/uploads\/2023\/04\/cropped-cropped-ohmywine.png\",\"width\":512,\"height\":512,\"caption\":\"Oh My Wine\"},\"image\":{\"@id\":\"http:\/\/ohmywine.fr\/#\/schema\/logo\/image\/\"}}]}<\/script>\n<!-- \/ Yoast SEO plugin. -->","yoast_head_json":{"title":"Congr\u00e8s Europ\u00e9en - Oh My Wine","robots":{"index":"index","follow":"follow","max-snippet":"max-snippet:-1","max-image-preview":"max-image-preview:large","max-video-preview":"max-video-preview:-1"},"canonical":"http:\/\/ohmywine.fr\/en\/portfolio\/congres-europeen\/","og_locale":"en_US","og_type":"article","og_title":"Congr\u00e8s Europ\u00e9en - Oh My Wine","og_description":"A l&rsquo;occasion d&rsquo;un\u00a0congr\u00e8s europ\u00e9en se d\u00e9roulant \u00e0 Lyon, nous avons\u00a0rassembl\u00e9 pr\u00e8s de 200 professionnels et experts venus de tout le continent pour d\u00e9couvrir les richesses de nos r\u00e9gions viticoles. Pour enrichir cette exp\u00e9rience, nous avons con\u00e7u un programme m\u00ealant contenu [&hellip;]","og_url":"http:\/\/ohmywine.fr\/en\/portfolio\/congres-europeen\/","og_site_name":"Oh My Wine","article_modified_time":"2025-02-12T11:03:29+00:00","twitter_card":"summary_large_image","twitter_misc":{"Est. reading time":"2 minutes"},"schema":{"@context":"https:\/\/schema.org","@graph":[{"@type":"WebPage","@id":"http:\/\/ohmywine.fr\/en\/portfolio\/congres-europeen\/","url":"http:\/\/ohmywine.fr\/en\/portfolio\/congres-europeen\/","name":"Congr\u00e8s Europ\u00e9en - Oh My Wine","isPartOf":{"@id":"http:\/\/ohmywine.fr\/#website"},"datePublished":"2025-02-12T10:59:43+00:00","dateModified":"2025-02-12T11:03:29+00:00","breadcrumb":{"@id":"http:\/\/ohmywine.fr\/en\/portfolio\/congres-europeen\/#breadcrumb"},"inLanguage":"en-US","potentialAction":[{"@type":"ReadAction","target":["http:\/\/ohmywine.fr\/en\/portfolio\/congres-europeen\/"]}]},{"@type":"BreadcrumbList","@id":"http:\/\/ohmywine.fr\/en\/portfolio\/congres-europeen\/#breadcrumb","itemListElement":[{"@type":"ListItem","position":1,"name":"Accueil","item":"http:\/\/ohmywine.fr\/"},{"@type":"ListItem","position":2,"name":"Congr\u00e8s Europ\u00e9en"}]},{"@type":"WebSite","@id":"http:\/\/ohmywine.fr\/#website","url":"http:\/\/ohmywine.fr\/","name":"Oh My Wine","description":"\u00c9v\u00e9nementiel &amp; objets publicitaires autour du vin","publisher":{"@id":"http:\/\/ohmywine.fr\/#organization"},"potentialAction":[{"@type":"SearchAction","target":{"@type":"EntryPoint","urlTemplate":"http:\/\/ohmywine.fr\/?s={search_term_string}"},"query-input":{"@type":"PropertyValueSpecification","valueRequired":true,"valueName":"search_term_string"}}],"inLanguage":"en-US"},{"@type":"Organization","@id":"http:\/\/ohmywine.fr\/#organization","name":"Oh My Wine","url":"http:\/\/ohmywine.fr\/","logo":{"@type":"ImageObject","inLanguage":"en-US","@id":"http:\/\/ohmywine.fr\/#\/schema\/logo\/image\/","url":"http:\/\/ohmywine.fr\/wp-content\/uploads\/2023\/04\/cropped-cropped-ohmywine.png","contentUrl":"http:\/\/ohmywine.fr\/wp-content\/uploads\/2023\/04\/cropped-cropped-ohmywine.png","width":512,"height":512,"caption":"Oh My Wine"},"image":{"@id":"http:\/\/ohmywine.fr\/#\/schema\/logo\/image\/"}}]}},"_links":{"self":[{"href":"http:\/\/ohmywine.fr\/en\/wp-json\/wp\/v2\/portfolio\/989833","targetHints":{"allow":["GET"]}}],"collection":[{"href":"http:\/\/ohmywine.fr\/en\/wp-json\/wp\/v2\/portfolio"}],"about":[{"href":"http:\/\/ohmywine.fr\/en\/wp-json\/wp\/v2\/types\/portfolio"}],"wp:attachment":[{"href":"http:\/\/ohmywine.fr\/en\/wp-json\/wp\/v2\/media?parent=989833"}],"wp:term":[{"taxonomy":"category","embeddable":true,"href":"http:\/\/ohmywine.fr\/en\/wp-json\/wp\/v2\/categories?post=989833"}],"curies":[{"name":"wp","href":"https:\/\/api.w.org\/{rel}","templated":true}]}}

Congrès Européen

<div data-elementor-type="wp-post" data-elementor-id="989833" class="elementor elementor-989833" data-elementor-settings="{&quot;ha_cmc_init_switcher&quot;:&quot;no&quot;}">
				<div class="elementor-element elementor-element-a57ca26 e-flex e-con-boxed e-con e-parent" data-id="a57ca26" data-element_type="container" data-settings="{&quot;_ha_eqh_enable&quot;:false}">
					<div class="e-con-inner">
				<div class="elementor-element elementor-element-82889c0 elementor-widget elementor-widget-text-editor" data-id="82889c0" data-element_type="widget" data-settings="{&quot;craftcoffee_ext_link_sidemenu&quot;:&quot;false&quot;,&quot;craftcoffee_ext_link_mini_cart&quot;:&quot;false&quot;,&quot;craftcoffee_ext_is_scrollme&quot;:&quot;false&quot;,&quot;craftcoffee_ext_is_smoove&quot;:&quot;false&quot;,&quot;craftcoffee_ext_is_parallax_mouse&quot;:&quot;false&quot;,&quot;craftcoffee_ext_is_infinite&quot;:&quot;false&quot;,&quot;craftcoffee_ext_is_fadeout_animation&quot;:&quot;false&quot;}" data-widget_type="text-editor.default">
				<div class="elementor-widget-container">
									<p>A l&rsquo;occasion d&rsquo;un congrès européen se déroulant à Lyon, nous avons rassemblé près de 200 professionnels et experts venus de tout le continent pour découvrir les richesses de nos régions viticoles.<br /><br />Pour enrichir cette expérience, nous avons conçu un programme mêlant contenu professionnel de haute qualité et découvertes culturelles et géologiques uniques.</p><p>Parmi les moments forts de l’événement :</p><ul><li><strong>La Roche de Solutré</strong>, emblème géologique du Rhône, où les participants ont pu s’émerveiller devant un site naturel d’exception tout en approfondissant leur compréhension des formations géologiques locales.</li></ul><ul><li><strong>Une immersion dans le vignoble du Beaujolais</strong>, avec la visite d’un domaine viticole authentique. Ce fut l’occasion de découvrir les secrets des crus locaux et de savourer des vins d’exception, symbole de l’art de vivre.</li></ul>								</div>
				</div>
				<div class="elementor-element elementor-element-0f87f16 elementor-widget elementor-widget-heading" data-id="0f87f16" data-element_type="widget" data-settings="{&quot;craftcoffee_ext_link_sidemenu&quot;:&quot;false&quot;,&quot;craftcoffee_ext_link_mini_cart&quot;:&quot;false&quot;,&quot;craftcoffee_ext_is_scrollme&quot;:&quot;false&quot;,&quot;craftcoffee_ext_is_smoove&quot;:&quot;false&quot;,&quot;craftcoffee_ext_is_parallax_mouse&quot;:&quot;false&quot;,&quot;craftcoffee_ext_is_infinite&quot;:&quot;false&quot;,&quot;craftcoffee_ext_is_fadeout_animation&quot;:&quot;false&quot;}" data-widget_type="heading.default">
				<div class="elementor-widget-container">
					<h2 class="elementor-heading-title elementor-size-default">Une organisation sur-mesure pour un événement d’exception
</h2>				</div>
				</div>
				<div class="elementor-element elementor-element-5fede1a elementor-widget elementor-widget-text-editor" data-id="5fede1a" data-element_type="widget" data-settings="{&quot;craftcoffee_ext_link_sidemenu&quot;:&quot;false&quot;,&quot;craftcoffee_ext_link_mini_cart&quot;:&quot;false&quot;,&quot;craftcoffee_ext_is_scrollme&quot;:&quot;false&quot;,&quot;craftcoffee_ext_is_smoove&quot;:&quot;false&quot;,&quot;craftcoffee_ext_is_parallax_mouse&quot;:&quot;false&quot;,&quot;craftcoffee_ext_is_infinite&quot;:&quot;false&quot;,&quot;craftcoffee_ext_is_fadeout_animation&quot;:&quot;false&quot;}" data-widget_type="text-editor.default">
				<div class="elementor-widget-container">
									<div><p>Chez OhMyWine, nous croyons que chaque événement doit refléter les valeurs et l’excellence de ses participants. De la planification des visites au choix des lieux, tout a été pensé pour créer un cadre propice aux échanges tout en valorisant les richesses de notre terroir.</p>Vous souhaitez organiser un événement mémorable pour votre entreprise ou votre organisation ? Faites appel à OhMyWine, expert en événementiel sur mesure.<br /><b>Ensemble, créons des expériences uniques qui marquent les esprits !</b></div>								</div>
				</div>
					</div>
				</div>
				</div>

<!-- This site is optimized with the Yoast SEO plugin v26.8 - https://yoast.com/product/yoast-seo-wordpress/ -->
<title>Congrès Européen - Oh My Wine</title>
<meta name="robots" content="index, follow, max-snippet:-1, max-image-preview:large, max-video-preview:-1" />
<link rel="canonical" href="http://ohmywine.fr/en/portfolio/congres-europeen/" />
<meta property="og:locale" content="en_US" />
<meta property="og:type" content="article" />
<meta property="og:title" content="Congrès Européen - Oh My Wine" />
<meta property="og:description" content="A l&rsquo;occasion d&rsquo;un congrès européen se déroulant à Lyon, nous avons rassemblé près de 200 professionnels et experts venus de tout le continent pour découvrir les richesses de nos régions viticoles. Pour enrichir cette expérience, nous avons conçu un programme mêlant contenu [&hellip;]" />
<meta property="og:url" content="http://ohmywine.fr/en/portfolio/congres-europeen/" />
<meta property="og:site_name" content="Oh My Wine" />
<meta property="article:modified_time" content="2025-02-12T11:03:29+00:00" />
<meta name="twitter:card" content="summary_large_image" />
<meta name="twitter:label1" content="Est. reading time" />
	<meta name="twitter:data1" content="2 minutes" />
<script type="application/ld+json" class="yoast-schema-graph">{"@context":"https://schema.org","@graph":[{"@type":"WebPage","@id":"http://ohmywine.fr/en/portfolio/congres-europeen/","url":"http://ohmywine.fr/en/portfolio/congres-europeen/","name":"Congrès Européen - Oh My Wine","isPartOf":{"@id":"http://ohmywine.fr/#website"},"datePublished":"2025-02-12T10:59:43+00:00","dateModified":"2025-02-12T11:03:29+00:00","breadcrumb":{"@id":"http://ohmywine.fr/en/portfolio/congres-europeen/#breadcrumb"},"inLanguage":"en-US","potentialAction":[{"@type":"ReadAction","target":["http://ohmywine.fr/en/portfolio/congres-europeen/"]}]},{"@type":"BreadcrumbList","@id":"http://ohmywine.fr/en/portfolio/congres-europeen/#breadcrumb","itemListElement":[{"@type":"ListItem","position":1,"name":"Accueil","item":"http://ohmywine.fr/"},{"@type":"ListItem","position":2,"name":"Congrès Européen"}]},{"@type":"WebSite","@id":"http://ohmywine.fr/#website","url":"http://ohmywine.fr/","name":"Oh My Wine","description":"Événementiel &amp; objets publicitaires autour du vin","publisher":{"@id":"http://ohmywine.fr/#organization"},"potentialAction":[{"@type":"SearchAction","target":{"@type":"EntryPoint","urlTemplate":"http://ohmywine.fr/?s={search_term_string}"},"query-input":{"@type":"PropertyValueSpecification","valueRequired":true,"valueName":"search_term_string"}}],"inLanguage":"en-US"},{"@type":"Organization","@id":"http://ohmywine.fr/#organization","name":"Oh My Wine","url":"http://ohmywine.fr/","logo":{"@type":"ImageObject","inLanguage":"en-US","@id":"http://ohmywine.fr/#/schema/logo/image/","url":"http://ohmywine.fr/wp-content/uploads/2023/04/cropped-cropped-ohmywine.png","contentUrl":"http://ohmywine.fr/wp-content/uploads/2023/04/cropped-cropped-ohmywine.png","width":512,"height":512,"caption":"Oh My Wine"},"image":{"@id":"http://ohmywine.fr/#/schema/logo/image/"}}]}</script>
<!-- / Yoast SEO plugin. -->

Congrès Européen - Oh My Wine

A l&rsquo;occasion d&rsquo;un congrès européen se déroulant à Lyon, nous avons rassemblé près de 200 professionnels et experts venus de tout le continent pour découvrir les richesses de nos régions viticoles. Pour enrichir cette expérience, nous avons conçu un programme mêlant contenu [&hellip;]

Événementiel &amp; objets publicitaires autour du vin
